(o) = -o - 9. Let u be w(-13). Let c be (2 - 20/5) + u. Suppose -c*j - 4*k = -4*j + 116, 0 = -5*j - 3*k + 264. List the prime factors of j.
2, 3
Let h = -1101 + 481. Let o = h + 1060. What are the prime factors of o?
2, 5, 11
Let k(n) = -n**3 + 11*n**2 - 17*n - 17. Let m(y) = -y**3 + 12*y**2 + 30*y - 20. Let j be m(14). List the prime factors of k(j).
3, 13
Let i = 46729 - 97177. What are the prime factors of (-16)/(-136) - i/68?
2, 7, 53
Let f(u) = 51*u + 57. Let b be f(4). Let s = b - 119. What are the prime factors of s?
2, 71
Let f(n) = 0*n**2 - 3*n**2 - 51*n - 9*n - 5 + 0*n**2. What are the prime factors of f(-11)?
2, 73
Let y(z) = 4*z**3 + 4*z**2 + z + 3. Let w be y(-3). Let r = w - -78. Suppose -r*s + 535 = -347. List the prime factors of s.
3, 7
Let p(s) = 7988*s**2 + 9*s. Let i be p(-1). Suppose 0 = -11*a + i - 1852. List the prime factors of a.
557
Suppose 0 = a - 19*a - 36. List the prime factors of ((-5 - a) + 7)*1341/12.
3, 149
Suppose 0 = i - 13 + 11. Suppose 0 = -i*v - 0*v + 5*q - 2, -5*q = 0. Let f(h) = -51*h**3 + 2*h**2 + 2*h + 1. List the prime factors of f(v).
2, 13
Suppose 5*c = 3*c - 4*b + 16266, -2*c + 16252 = -3*b. List the prime factors of c.
11, 739
Let d(x) = -x**2 - 319*x - 1776. What are the prime factors of d(-104)?
2, 31, 83
Suppose 21549*d = 21532*d + 598043. What are the prime factors of d?
127, 277
Suppose 3*l - 3*g = 0, -2*g = -5*l - 3*g. Suppose -5*d + 2*z = -4527, l = -8*d + 4*d + 3*z + 3616. What are the prime factors of d?
907
What are the prime factors of -5*(-33*(-20)/75)/((-1)/47)?
2, 11, 47
Let z(h) = 18*h**2 + 5*h - 8. Suppose 3*q = -n - 1 - 7, -6 = n + 2*q. Let w = 2 - n. List the prime factors of z(w).
2, 3, 5
Suppose 25 = 5*h, -8 = -0*v - v + 3*h. Let u = -23 + v. Suppose u = -2*f - y + 83, 2*f + 3*y = -0*f + 85. List the prime factors of f.
41
Let r(f) be the first derivative of 295*f**2/2 - 7*f + 14. Let m be r(4). Suppose -4*y + 933 = -s, 3*y + 2*y + s = m. What are the prime factors of y?
2, 3, 13
Suppose 888576 + 51892 = 72*z + 70420. What are the prime factors of z?
2, 3, 19, 53
Suppose b = -2*b + 33. Let j = -6 + b. Suppose -3*v - r = -248, j*v - 5*r - 97 = 343. What are the prime factors of v?
2, 3, 7
Let a(x) = 4*x**3 + 3*x**2 - 2*x + 2. Let g be a(-3). Let f = -1005 + 1015. Let k = f - g. List the prime factors of k.
83
Suppose 10*g - 28 = 52. Let n be (4/10)/(g/40). List the prime factors of (n + 0)*1*(-85)/(-2).
5, 17
Suppose 8*g + 119 - 39 = 0. Let m(r) = -122*r - 45. What are the prime factors of m(g)?
5, 47
Let l(f) = 9*f + 152. Suppose 5*s - 44 = 3*s - 4*x, x = -s + 22. What are the prime factors of l(s)?
2, 5, 7
Let g(x) = 96*x**2 + 27*x - 47. What are the prime factors of g(9)?
2, 1993
Let c(w) = -85*w**3 - 12*w**2 - 15*w + 6. List the prime factors of c(-6).
2, 3, 751
Suppose -3*d = -r + 1954, -2*d = 6*r - 10*r + 7866. Suppose 3*s - r = -4*y, 15*y - 14*y - 5*s - 521 = 0. List the prime factors of y.
2, 31
Let w(q) = -2*q - 49. Let s be w(-26). Let y be s/21 - (-6820)/(-14). Let b = 709 + y. List the prime factors of b.
2, 3, 37
Let q(b) = 30*b**2 + 4*b + 11. Suppose -27 = -8*a + 21. What are the prime factors of q(a)?
5, 223
Let m = -91437 + 129282. List the prime factors of m.
3, 5, 29
List the prime factors of (-946)/(-3)*(-1995)/(-70).
11, 19, 43
List the prime factors of -1 - -26614 - (117 - 123).
3, 19, 467
Suppose 7*w + 76500 = -8*w. List the prime factors of w/(-14) + (-4)/14.
2, 7, 13
Suppose -4*d = -2*f - 6730, -4*f + 6101 = 5*d - 2331. Suppose 3*y + 4*x - d = -y, -5*x + 1687 = 4*y. What are the prime factors of y?
2, 11, 19
Let i = 70605 + -48345. What are the prime factors of i?
2, 3, 5, 7, 53
Suppose -4*g + 31 = 47. Let d be 5/(10/g) - -76. List the prime factors of (0 + -5)*(d/(-10) + -3).
2, 13
Suppose 37980 = z - 2*u, 0 = -5*z + 197*u - 201*u + 189900. List the prime factors of z.
2, 3, 5, 211
Let s(z) be the first derivative of -18*z**2 - 14*z + 40. Let i be s(-7). Let p = i + -129. List the prime factors of p.
109
Let v = 3162 + -1110. What are the prime factors of v?
2, 3, 19
Let i(r) be the third derivative of 29*r**5/60 + 2*r**3/3 + 27*r**2. List the prime factors of i(-2).
2, 3, 5
Suppose 101*n - 1193621 - 1529604 = -114193. What are the prime factors of n?
2, 3229
Let w be (1 - 3/2)*-150. Let x = -2389 - -2399. Suppose -5*t = -5*o + w, -2*t + x + 0 = 2*o. What are the prime factors of o?
2, 5
Let n = 5706 - 3774. List the prime factors of n.
2, 3, 7, 23
Let p be (468/(-42))/((-2)/(-14)). Suppose 2*j = 5*i + 427, i + 3*i = j - 344. Let v = p - i. What are the prime factors of v?
3
Let x be 1/4 + 15/20. Let s(j) = 106*j**2 + 2*j - 2. Let t be s(x). Let z = t + -63. What are the prime factors of z?
43
Let i be (-28)/(-6) - (-3)/9. Suppose i*s + 1720 = 5*c, -703 = -4*c + 5*s + 668. What are the prime factors of c?
349
Let s = 16079 - 5176. What are the prime factors of s?
10903
Suppose 0 = -619*a + 620*a + 510. What are the prime factors of a/(-153)*(-786)/(-5)?
2, 131
Let l be ((-35)/(-15) + -2)/(18/54). Let j(c) be the first derivative of 20*c**2 - 1. What are the prime factors of j(l)?
2, 5
Suppose 20654 = 7*c - 37439. List the prime factors of c.
43, 193
Let y(p) = 10*p**3 + 3*p**2 - 15*p + 6. Let q be y(4). Let r = q - 168. What are the prime factors of r?
2, 233
Let j(r) = 3*r**2 - 38*r + 2384. What are the prime factors of j(-69)?
19289
Suppose -3*r - 8 = r. Let g be 1 - (r + 15/5). Let j(b) = 5*b + 140. List the prime factors of j(g).
2, 5, 7
Let y = 1162 + -2055. What are the prime factors of (-1 + 6/2)*y/(-2)?
19, 47
Suppose 26*r - 21*r = 45. Suppose r*f = -9*f + 4626. List the prime factors of f.
257
Let u = 124 + -86. Suppose -u = -5*i - 13. Suppose 0*z - 625 = -i*z. What are the prime factors of z?
5
Let a be (1 - (-3 + 4)) + 34. Let f = a - 30. Suppose f*m + 3*m - 476 = 0. What are the prime factors of m?
2, 17
Let j(n) = 186*n**2 + 31*n - 92. What are the prime factors of j(6)?
2, 5, 7, 97
Let z = -242 - -245. Suppose -z*h + 3484 = 2*o, h + o = -2*o + 1173. List the prime factors of h.
2, 3, 193
Suppose 3 = -10*l + 23. Suppose -l*t - 762 = -4*b, 8*b - 6*b - 393 = -3*t. List the prime factors of b.
2, 3
Let k(m) = 5*m**3 + 4*m**2 - 2. Let n be k(-3). Let p = n - -105. Suppose -2*c - 5*g + 36 = 0, 2*c - 30 = -p*g + 2. List the prime factors of c.
2
Let c(m) = 6*m + 58. Let u be c(-9). Let n be u/18 - (35/(-45) - 3). List the prime factors of (-6)/(755/(-2790) - n/(-18)).
2, 31
Suppose 17*c - 6*c = 22. List the prime factors of 629 + 162 - (-3)/(3/c).
13, 61
List the prime factors of 1*-1*(2/8 + (-1470274)/104).
67, 211
Suppose 0 = -2*w + 11*w - 36. Let n be (w/6)/(((-22)/(-303))/11). Suppose 77 = 2*j - n. List the prime factors of j.
89
Suppose 233*v + 575190 = 278*v. List the prime factors of v.
2, 7, 11, 83
Let u(q) = 2*q**2 + 3*q - 6. Let w be -4 + (4 - -1 - 4). Let m be u(w). Suppose h - 172 = -m*h. List the prime factors of h.
43
Suppose 0 = -7*a + 11*a - 1880. Let h = a + -220. Suppose -3*m + h - 40 = 0. What are the prime factors of m?
2, 5, 7
Suppose 5*h - 14 = 11. Let c(f) = -83*f + 15. Let r be c(h). Let v = -204 - r. What are the prime factors of v?
2, 7
List the prime factors of 5160/((56/(-8))/(-7)).
2, 3, 5, 43
Let j(h) be the third derivative of -h**6/120 - h**5/10 + 13*h**4/24 - 4*h**3/3 + 15*h**2. Let o be j(-10). Let w = o - 179. List the prime factors of w.
83
Let k be 12 + (-48)/8 + 18. List the prime factors of ((-270)/(-4))/(9/k).
2, 3, 5
Suppose 0 = -n - 5*z - 6, -2*z + 2 = 4*n + 8. List the prime factors of (n*25)/(5/420*-6).
2, 5, 7
Let n = 98 + 3685. List the prime factors of n.
3, 13, 97
Suppose 0 = 4*z - 8, 323*j - 319*j - 179472 = 2*z. What are the prime factors of j?
11, 4079
Suppose 63166 + 514746 = 92*r + 2*r. What are the prime factors of r?
2, 29, 53
Suppose p - 5*y + 119 = -52, 4*p - 3*y + 616 = 0. Let g = p - -262. Suppose 0*d + g = 3*d. What are the prime factors of d?
37
Let v = -18744 - -30787. What are the prime factors of v?
12043
Let b(d) = 9*d**2 - d - 11. Suppose -4*y - g = y - 29, 0 = 2*g - 8. List the prime factors of b(y).
11, 19
Let c be 3256/16 + 3/6. List the prime factors of (9/(-3 + c/69))/(-1).
3, 23
Let j be (9 + -11)*(-5)/(-10). What are the prime factors of (-36)/j*655/20 + -4?
5, 47
Let y